{"id":1670,"date":"2019-03-22T15:53:46","date_gmt":"2019-03-22T14:53:46","guid":{"rendered":"http:\/\/specialcarbo.it\/?page_id=1670"},"modified":"2020-06-29T09:27:51","modified_gmt":"2020-06-29T07:27:51","slug":"privacy-policy","status":"publish","type":"page","link":"https:\/\/specialcarbo.it\/index.php\/privacy-policy\/","title":{"rendered":"Privacy policy"},"content":{"rendered":"\n<p>Il titolare del trattamento dei dati \u00e8 Carrozzeria Special Car di Cappuccio Enzo (indicato nella presente Informativa con \u201cSpecial Car\u201d, \u201cnoi\u201d o \u201cci\u201d).<br>\nCi impegniamo ad agire in modo corretto per quanto riguarda le modalit\u00e0 di raccolta, uso e tutela delle informazioni che vi identificano o sono a voi associate in qualit\u00e0 di persona fisica (\u201cdati personali\u201d). Pertanto abbiamo sviluppato la presente Informativa sulla privacy e sui cookie (\u201cInformativa\u201d), che:<br>\nDescrive le tipologie di dati personali da noi raccolti;<br>\nIndica le modalit\u00e0 e i motivi per cui raccogliamo e utilizziamo i vostri dati personali;<br>\nSpiega quando e perch\u00e9 condivideremo i dati personali all\u2019interno di Special Car e con altre organizzazioni (fornitori e produttori);<br>\nDescrive i diritti e le opzioni a vostra disposizione per quanto concerne il trattamento dei vostri dati personali.<br>\nOffriamo una vasta gamma di prodotti e servizi, quindi desideriamo essere chiari riguardo al contenuto della presente Informativa. La presente Informativa si applica al nostro sito web. L\u2019utilizzo dei nostri Servizi implica che questa Informativa sia valida anche quando fate acquisti presso di noi tramite telefono oppure se ci contattate o vi contattiamo relativamente ai nostri Servizi.<\/p>\n\n\n\n<p>Questa sezione descrive quali dati personali potremmo raccogliere da voi quando utilizzate i nostri Servizi e quali altri dati personali potremmo ricevere da altre fonti.<br>\nI dati che ci fornite direttamente.<br>\nQuando ci contattate (anche tramite form di contatto), vi contattiamo o partecipate a promozioni, concorsi, sondaggi o questionari sui Servizi Special Car, potremmo raccogliere:<br>\nI dati personali che vi riguardano e che ci fornite ogni volta che ci contattate in merito ai nostri Servizi (ad esempio, il vostro nome e i vostri recapiti, inclusi numero di telefono, indirizzo e-mail), e comunicate con noi attraverso i social media;<br>\nI dettagli delle e-mail e delle altre comunicazioni digitali che vi inviamo, includendo l\u2019accesso a eventuali link ivi contenuti e l\u2019eventuale apertura delle comunicazioni;<br>\nIl vostro riscontro e i vostri contributi ai sondaggi e ai questionari rivolti ai clienti.<br>\nAvete la libert\u00e0 di scegliere quali informazioni fornirci oppure di decidere di non fornirci alcuna informazione. Tuttavia, alcune informazioni, come il nome, indirizzo, dati di pagamento e informazioni sui Servizi da voi richiesti, potrebbero essere necessarie per l\u2019esecuzione degli obblighi contrattuali. In assenza di tali informazioni, non potrete ordinare determinati Servizi o stipulare un contratto con noi.<\/p>\n\n\n\n<p>Cookie e altre tecnologie di tracciamento<br>\nNoi di Special Car e i nostri partner terzi raccogliamo automaticamente determinate tipologie di dati di utilizzo quando visitate i nostri Servizi, leggete le nostre e-mail o interagite con noi in altro modo. Solitamente raccogliamo questi dati attraverso una serie di tecnologie di tracciamento, tra cui cookie, web beacon, script incorporati, tecnologie di identificazione della posizione geografica, informazioni sui file e tecnologie simili (collettivamente \u201ctecnologie di tracciamento\u201d).<br>\nAd esempio, raccogliamo dati sul vostro dispositivo e sul relativo software, come l\u2019indirizzo IP, il tipo di browser, il fornitore di servizi Internet, il tipo di piattaforma, il tipo di dispositivo, il sistema operativo, l\u2019indicazione della data e dell\u2019ora (un identificativo unico che ci consente di identificare univocamente il vostro browser, il vostro dispositivo mobile o il vostro account). Sul nostro sito web, tracciamo le pagine che visitate, i link cliccati e la frequenza di accesso ai Servizi, l\u2019eventuale apertura delle e-mail o dei link ivi contenuti, l\u2019eventuale accesso ai Servizi da pi\u00f9 di un dispositivo nonch\u00e9 altre azioni compiute sui Servizi. Quando accedete ai Servizi da un dispositivo mobile, potremmo raccogliere numeri identificativi univoci associati al vostro dispositivo o alla vostra applicazione per dispositivi mobili (incluso, ad esempio, un UDID, un identificativo univoco per inserzionisti (\u201cIDFA\u201d), Google AdID, o Windows Advertising ID). Potremmo raccogliere dati analitici o utilizzare strumenti analitici terzi, come Google Analytics, per misurare il traffico e le tendenze di utilizzo e comprendere meglio le informazioni demografiche dei nostri utenti. All\u2019indirizzo http:\/\/www.google.com\/policies\/privacy\/partners potrete trovare maggiori informazioni sulle pratiche di Google e all\u2019indirizzo https:\/\/tools.google.com\/dlpage\/gaoptout potrete visualizzare le opzioni di ritiro del consenso attualmente disponibili. Potremmo anche lavorare con partner terzi per adottare tecnologie, inclusa l\u2019applicazione di strumenti di modellazione statistica, che ci permettono di riconoscervi e contattarvi su molteplici dispositivi.<\/p>\n\n\n\n<p>Utilizziamo o potremmo utilizzare i dati raccolti tramite le tecnologie di tracciamento per:<br>\ngarantire e monitorare l\u2019efficacia dei nostri Servizi;<br>\nmonitorare parametri aggregati come il numero totale di visitatori, il traffico, l\u2019uso e i modelli demografici sui nostri Servizi;<br>\ndiagnosticare o risolvere problemi tecnologici; e<br>\nprogrammare e potenziare i nostri Servizi.<br>\nSe preferite non accettare i nostri cookie, la maggior parte dei browser consentono di:<br>\nModificare le impostazioni del browser in modo da ricevere una notifica al momento della ricezione di un di un cookie e decidere se accettarlo o meno;<br>\nDisattivare i cookie esistenti; o<br>\nImpostare il browser per il rifiuto automatico dei cookie. In base al dispositivo mobile e al sistema operativo che utilizzate, potreste non essere in grado di cancellare o bloccare tutti i cookie. Potreste inoltre impostare la vostra e-mail in modo da impedire il download automatico di immagini che potrebbero contenere tecnologie che ci permettono di sapere se il messaggio \u00e8 stato aperto ed eventualmente utilizzato per eseguire determinate funzioni.<\/p>\n\n\n\n<p>Condivisone dei dati personali<\/p>\n\n\n\n<p>Special Car non divulga, in alcun modo, i dati personali raccolti tramite tecnologia cookie e\/o form di contatto presente su questo sito.<\/p>\n\n\n\n<p>Modalit\u00e0 di utilizzo dei dati personali<\/p>\n\n\n\n<p>Special Car utilizza i dati raccolti tramite le tecnologie citate prima per le finalit\u00e0 seguenti:<\/p>\n\n\n\n<p>utilizzo dei cookie di profilazione per la generazione di dati statistici su chi visita il nostro sito e per quanto tempo visita le pagine del sito;<br>utilizzo di cookie tecnici per le misure di sicurezza installate sul sito che ne garantiscono il corretto funzionamento<br>contatto e fornitura di prodotti e\/o servizi utilizzando i dati forniti a noi tramite form di contatto<br>Marketing e ricerche di mercato<br>Special Car vi invier\u00e0 notizie, offerte e sondaggi pertinenti sui propri prodotti e servizi con diverse modalit\u00e0, tra cui le e-mail, ma solo se avrete precedentemente accettato di ricevere tali comunicazioni di marketing al momento della registrazione sul nostro sito web.<br> Inoltre, desideriamo conoscere il vostro punto di vista su come migliorare i nostri Servizi, quindi potremmo contattarvi per effettuare ricerche di mercato. Potete sempre scegliere se partecipare o meno alle nostre ricerche di mercato.<\/p>\n\n\n\n<p>Desideriamo che siate consapevoli dei vostri diritti e delle scelte a vostra disposizione riguardo a come utilizziamo i vostri dati personali. In base a come utilizzate i vostri dati personali, diritti e scelte possono includere quanto segue:<br>\nCome controllare le vostre preferenze di comunicazione: potete interrompere la ricezione delle nostre comunicazioni promozionali via e-mail cliccando sul link di annullamento dell\u2019iscrizione presente in tali comunicazioni. Ci impegniamo al massimo per elaborare tempestivamente tutte le richieste di annullamento dell\u2019iscrizione.<br>\nModifica o cancellazione dei vostri dati: se avete domande sul riesame, la modifica o la cancellazione dei vostri dati, o se desiderate rimuovere il vostro nome o i vostri commenti dai nostri Servizi o dai contenuti visualizzabili pubblicamente, potete contattarci direttamente all\u2019indirizzo info@specialcarbo.it <br>\nDiritti di riservatezza dei vostri dati<br>\nSe siete residenti nell\u2019Unione Europea, potete esercitare i seguenti diritti sui dati personali in nostro possesso:<br>\nDIRITTO DI ACCESSO<br>\nRichiesta manuale del diritto di accesso<br>\nSe desiderate una copia dei vostri dati personali da noi detenuti ma non avete accesso a Internet, scrivete a:<br>\nCarrozzeria Special Car di Cappuccio Enzo<br>\nVia della Salute, 18<br>\n40132 Bologna BO<br>\nItalia<\/p>\n\n\n\n<p>Invio tramite e-mail della richiesta di diritto di accesso<br>\nPer avviare una richiesta di diritto di accesso, dobbiamo verificare il vostro indirizzo e-mail.<br>\nPotete contattarci all\u2019indirizzo: info@specialcarbo.it  indicando la vostra email.<br>\nNoi di Special Car analizzeremo la vostra richiesta, e dopo aver verificato la vostra identit\u00e0, vi invieremo quanto segue:<br>\nUn elenco dei vostri dati personali in nostro possesso.<br>\nUn elenco di tutte le vostre transazioni.<br>\nDesideriamo assicurarci che i vostri dati personali da noi detenuti siano precisi e aggiornati. In caso di dati errati, comunicatecelo e faremo in modo di aggiornarli adeguatamente.<br>\nDIRITTO ALLA CANCELLAZIONE<br>\nAi sensi del Regolamento generale sulla protezione dei dati 2016, avete diritto di essere cancellati e di richiedere la cancellazione dei dati personali detenuti da Special Car.<br>\nRichiesta manuale di diritto alla cancellazione<br>\nSe desiderate una copia dei vostri dati personali da noi detenuti ma non avete accesso a Internet, scrivete a:<br>\nCarrozzeria Special Car di Cappuccio Enzo<br>\nVia della Salute, 18<br>\n40132 Bologna BO<br>\nItalia<br>\nPotete anche contattarci all\u2019indirizzo: info@specialcarbo.it<\/p>\n\n\n\n<p>Invio della richiesta di cancellazione tramite e-mail<br>\nPer avviare una richiesta di diritto alla cancellazione, dobbiamo verificare il vostro indirizzo e-mail.<br>\nPotete contattarci all\u2019indirizzo: info@specialcarbo.it<br>\nSpecial Car eseguir\u00e0 la seguente procedura:<br>\nSpecial Car rimuover\u00e0 i vostri dati dal nostro database di marketing.<br>\nSpecial Car manterr\u00e0 tutti dati relativi alle transazioni, come richiesto dalla legge, per 25 anni (un registro delle transazioni \u00e8 qualsiasi registro relativo ad acquisti, fatture, rimborsi, resi o riferimenti tecnici a dette operazioni).<br>\nSpecial Car manterr\u00e0 un record della vostra \u201crichiesta di cancellazione\u201d e una registrazione della data di cancellazione dei vostri dati dai propri sistemi.<br>\nSpecial Car vi invier\u00e0 un\u2019e-mail di verifica a conferma della cancellazione dei dati personali dai propri sistemi.<br>\nALTRI DIRITTI<br>\nDiritto di rettifica. Il diritto di ottenere la rettifica dei vostri dati personali senza indebiti ritardi, ove i dati siano inesatti o incompleti.<br>\nDiritto di restrizione. Il diritto di ottenere la restrizione dell\u2019elaborazione da noi eseguita sui vostri dati personali in determinate circostanze, ad esempio, qualora contestiate l\u2019esattezza dei dati personali, per un periodo di tempo che ci consenta di verificarne l\u2019effettiva accuratezza.<br>\nDiritto di portabilit\u00e0. Il diritto di portabilit\u00e0 vi consente di spostare o trasferire facilmente una copia dei dati personali da un\u2019organizzazione all\u2019altra.<br>\nDiritto di opposizione. Avete diritto di obiettare contro qualsiasi elaborazione basata sui nostri legittimi interessi qualora vi siano ragioni relative alla vostra particolare situazione. Potete opporvi alle attivit\u00e0 di marketing per qualsivoglia motivo.<\/p>\n\n\n\n<p>Dato che per noi la sicurezza dei vostri dati \u00e8 importante, adottiamo protezioni fisiche, amministrative e tecnologiche progettate per preservare l\u2019integrit\u00e0 e la sicurezza di tutte le informazioni raccolte attraverso i nostri Servizi, inclusi server sicuri, firewall e crittografia.<br>\nConserveremo i dati personali per il tempo necessario alla realizzazione degli obiettivi per cui li raccogliamo, in conformit\u00e0 con i nostri obblighi giuridici e i nostri legittimi interessi commerciali. In generale, le informazioni sulle transazioni commerciali avvenute sono precluse all\u2019accesso generale nei 3 anni successivi al completamento della transazione e vengono cancellate alla scadenza degli obblighi normativi di conservazione. Ad esempio, i codici commerciali o finanziari nazionali potrebbero obbligarci a conservare i dati fino a un massimo di 10 anni.<\/p>\n\n\n\n<p>Qualora desideriate esercitare qualsiasi altro vostro diritto, potete scriverci all\u2019indirizzo:<br>\nCarrozzeria Special Car di Cappuccio Enzo<br>\nVia della Salute, 18<br>\n40132 Bologna BO<br>\nItalia<br>\nPotete anche scriverci via e-mail all\u2019indirizzo info@specialcarbo.it<\/p>\n\n\n\n<p>Widget dei social media e pubblicit\u00e0. I nostri Servizi comprendono funzioni relative ai social media, come il pulsante \u201cMi piace\u201d di Facebook, GooglePlus, LinkedIn, Snapchat, Instagram, Twitter, o altri widget. Queste societ\u00e0 di social media possono riconoscervi e raccogliere informazioni sulla vostra visita ai nostri Servizi e possono impostare un cookie o adottare altre tecnologie di tracciamento. Le vostre interazioni con queste funzioni sono disciplinate dalle politiche sulla privacy adottate da tali societ\u00e0.<\/p>\n\n\n\n<p>Google Analytics e pubblicit\u00e0. Utilizziamo Google Analytics per riconoscervi e collegare i dispositivi che utilizzate quando visitate i nostri Servizi sul vostro browser o dispositivo mobile, quando accedete al vostro account sui nostri Servizi o interagite con noi in altro modo. Google Analytics ci consente di capire meglio in che modo i nostri utenti interagiscono con i nostri Servizi oltre che di personalizzare i nostri annunci pubblicitari e i contenuti offerti. Per informazioni sulla modalit\u00e0 di raccolta ed elaborazione dei dati di Google Analitycs, oltre alle istruzioni sul controllo dei dati inviati a Google, visitate il sito di Google alla pagina www.google.com\/policies\/privacy\/partners\/ intitolata \u201cModalit\u00e0 di utilizzo dei dati da parte di Google quando si utilizzano siti o app dei nostri partner\u201d. Potete trovare ulteriori informazioni sulle opzioni di ritiro del consenso attualmente disponibili per Google Analytics, incluso il componente aggiuntivo del browser Google Analytics, su questa pagina: https:\/\/tools.google.com\/dlpage\/gaoptout\/.<\/p>\n\n\n\n<p>Sui nostri Servizi non raccogliamo n\u00e9 richiediamo intenzionalmente dati di persone di et\u00e0 inferiore a 13 anni. Qualora rilevassimo di aver inavvertitamente raccolto dati personali di un minore di et\u00e0 inferiore a 13 anni, cancelleremo tali dati quanto prima. Se ritenete che Special Car sia in possesso dei dati di un minore di et\u00e0 inferiore a 13 anni, contattateci all\u2019indirizzo info@specialcarbo.it.<br>\nNon elaboriamo alcun dato personale di persone di et\u00e0 inferiore a 16 anni in assenza del consenso.<\/p>\n\n\n\n<p>I Servizi possono contenere link a e provenienti da siti web terzi appartenenti ai nostri partner commerciali, ai nostri inserzionisti e ai siti di social media, e i nostri utenti possono pubblicare link a siti web terzi. Se seguite un link a uno di questi siti web, ricordate che ognuno di essi ha la propria informativa sulla privacy e che noi decliniamo qualsiasi responsabilit\u00e0 per le relative politiche o siti web. Vi consigliamo vivamente di leggere le informative sulla privacy, i termini e le condizioni di utilizzo dei siti web per sapere in che modo raccolgono, usano e condividono i dati.<\/p>\n\n\n\n<p>In caso di domande sulla presente Informativa e sui Servizi, contattateci all\u2019indirizzo info@specialcarbo.it oppure a:<br>\nCarrozzeria Special Car di Cappuccio Enzo<br>\nVia della Salute, 18<br>\n40132 Bologna BO<br>\nItalia<\/p>\n\n\n\n<p>La presente Informativa potr\u00e0 essere modificata o aggiornata di volta in volta per rispecchiare le variazioni relative alla nostra attivit\u00e0 o alle nostre prassi, pertanto consigliamo di rileggere questa pagina a intervalli regolari. Eventuali modifiche sostanziali alla presente Informativa vi saranno comunicate e aggiorneremo la data di \u201cultima modifica\u201d riportata in testa a questa pagina.<\/p>\n","protected":false},"excerpt":{"rendered":"<p>Il titolare del trattamento dei dati \u00e8 Carrozzeria Special Car di Cappuccio Enzo (indicato nella presente Informativa con \u201cSpecial Car\u201d, \u201cnoi\u201d o \u201cci\u201d). Ci impegniamo ad agire in modo corretto per quanto riguarda le modalit\u00e0 di raccolta, uso e tutela delle informazioni che vi identificano o sono a voi associate in qualit\u00e0 di persona fisica<\/p>\n","protected":false},"author":1,"featured_media":0,"parent":0,"menu_order":0,"comment_status":"closed","ping_status":"closed","template":"","meta":{"footnotes":""},"class_list":["post-1670","page","type-page","status-publish","hentry"],"aioseo_notices":[],"_links":{"self":[{"href":"https:\/\/specialcarbo.it\/index.php\/wp-json\/wp\/v2\/pages\/1670","targetHints":{"allow":["GET"]}}],"collection":[{"href":"https:\/\/specialcarbo.it\/index.php\/wp-json\/wp\/v2\/pages"}],"about":[{"href":"https:\/\/specialcarbo.it\/index.php\/wp-json\/wp\/v2\/types\/page"}],"author":[{"embeddable":true,"href":"https:\/\/specialcarbo.it\/index.php\/wp-json\/wp\/v2\/users\/1"}],"replies":[{"embeddable":true,"href":"https:\/\/specialcarbo.it\/index.php\/wp-json\/wp\/v2\/comments?post=1670"}],"version-history":[{"count":4,"href":"https:\/\/specialcarbo.it\/index.php\/wp-json\/wp\/v2\/pages\/1670\/revisions"}],"predecessor-version":[{"id":1957,"href":"https:\/\/specialcarbo.it\/index.php\/wp-json\/wp\/v2\/pages\/1670\/revisions\/1957"}],"wp:attachment":[{"href":"https:\/\/specialcarbo.it\/index.php\/wp-json\/wp\/v2\/media?parent=1670"}],"curies":[{"name":"wp","href":"https:\/\/api.w.org\/{rel}","templated":true}]}}